e prime factors of 271578473?
5483, 49531
List the prime factors of 62982762.
2, 3, 31, 53, 6389
List the prime factors of 563830715.
5, 7, 281, 57329
List the prime factors of 1735780058.
2, 277, 3133177
What are the prime factors of 442713177?
3, 23, 37, 57803
What are the prime factors of 203907931?
241, 281, 3011
List the prime factors of 1008732580.
2, 5, 50436629
What are the prime factors of 93463164?
2, 3, 227, 11437
List the prime factors of 15933366.
2, 3, 885187
What are the prime factors of 89475395?
5, 53, 101, 3343
What are the prime factors of 884404590?
2, 3, 5, 19, 29, 53503
List the prime factors of 140348638.
2, 3361, 20879
What are the prime factors of 1357779206?
2, 7, 41, 2365469
What are the prime factors of 152082498?
2, 3, 19, 1334057
List the prime factors of 124988030.
2, 5, 12498803
List the prime factors of 44882878.
2, 89, 252151
List the prime factors of 2297864504.
2, 13, 59, 181, 2069
List the prime factors of 207411522.
2, 3, 83, 109, 3821
List the prime factors of 12242579.
12242579
What are the prime factors of 416933591?
269, 563, 2753
List the prime factors of 53169775.
5, 2126791
What are the prime factors of 41203085?
5, 7, 11, 107021
What are the prime factors of 69830684?
2, 7, 11, 661
What are the prime factors of 5268665133?
3, 585407237
List the prime factors of 8177568879.
3, 23, 118515491
What are the prime factors of 73744189?
103, 715963
What are the prime factors of 439253115?
3, 5, 7, 19, 220177
List the prime factors of 39048591.
3, 19, 685063
List the prime factors of 144666418.
2, 13, 19, 15413
List the prime factors of 177527821.
17, 29, 293, 1229
List the prime factors of 2848681869.
3, 11, 239, 379, 953
What are the prime factors of 181853910?
2, 3, 5, 7, 10691
List the prime factors of 320640211.
29, 89, 124231
List the prime factors of 527708763.
3, 37, 58693
List the prime factors of 327307783.
11, 17, 159119
List the prime factors of 221727104.
2, 283, 6121
What are the prime factors of 35556018?
2, 3, 109, 54367
List the prime factors of 95990535.
3, 5, 711041
What are the prime factors of 78876266?
2, 7, 5634019
What are the prime factors of 1544491188?
2, 3, 42902533
What are the prime factors of 1499375654?
2, 7, 107098261
What are the prime factors of 1567581421?
7, 4999, 44797
What are the prime factors of 1733319085?
5, 4229, 81973
List the prime factors of 299839869.
3, 7, 679909
What are the prime factors of 4054663434?
2, 3, 3467, 194917
List the prime factors of 7011166.
2, 3505583
List the prime factors of 526655010.
2, 3, 5, 7, 2507881
What are the prime factors of 52434975?
3, 5, 699133
List the prime factors of 8016641.
73, 193, 569
What are the prime factors of 158050451?
13, 61, 241, 827
List the prime factors of 4343320964.
2, 2143, 506687
What are the prime factors of 653105800?
2, 5, 313, 10433
List the prime factors of 23313773.
7, 61, 71, 769
List the prime factors of 54293987.
11, 4935817
What are the prime factors of 2590777305?
3, 5, 17, 43, 2917
What are the prime factors of 53048431?
71, 747161
List the prime factors of 102999275.
5, 193, 21347
List the prime factors of 2363073382.
2, 499, 2367809
What are the prime factors of 27766881?
3, 41, 929
List the prime factors of 87632533.
157, 223, 2503
What are the prime factors of 179827935?
3, 5, 7, 43, 39829
What are the prime factors of 4600842497?
53, 67, 1295647
What are the prime factors of 98905397?
113, 875269
What are the prime factors of 38405364?
2, 3, 43, 263, 283
What are the prime factors of 295441248?
2, 3, 47, 65479
What are the prime factors of 22695266?
2, 11, 47, 467
List the prime factors of 84860972.
2, 7, 3030749
What are the prime factors of 227195045?
5, 7, 11, 4877
List the prime factors of 1937553203.
1937553203
List the prime factors of 464057188.
2, 7, 29, 41, 53, 263
What are the prime factors of 1551358252?
2, 387839563
What are the prime factors of 221990362?
2, 11, 10090471
List the prime factors of 14773444.
2, 7, 527623
List the prime factors of 102692576.
2, 7, 458449
What are the prime factors of 244872608?
2, 19, 402751
What are the prime factors of 1449262195?
5, 2351, 123289
List the prime factors of 58458670.
2, 5, 311, 18797
List the prime factors of 13139238.
2, 3, 7, 312839
List the prime factors of 273175270.
2, 5, 659, 41453
What are the prime factors of 42009048?
2, 3, 583459
List the prime factors of 83422245.
3, 5, 5561483
What are the prime factors of 1251568840?
2, 5, 31289221
What are the prime factors of 664457943?
3, 8069, 27449
What are the prime factors of 8901241?
1429, 6229
What are the prime factors of 1429047920?
2, 5, 31, 239, 2411
List the prime factors of 89095583.
23, 41, 107, 883
List the prime factors of 1291638414.
2, 3, 11, 173, 113123
List the prime factors of 28237050.
2, 3, 5, 131, 479
List the prime factors of 120072338.
2, 60036169
What are the prime factors of 43610287?
7, 17, 29, 12637
What are the prime factors of 280102155?
3, 5, 29, 457, 1409
List the prime factors of 220871480.
2, 5, 17, 324811
What are the prime factors of 3167224702?
2, 1583612351
What are the prime factors of 1737045089?
13, 61, 2190473
List the prime factors of 3541221112.
2, 11, 13, 547, 5659
List the prime factors of 92078032.
2, 2381, 2417
What are the prime factors of 1323779905?
5, 7, 37822283
What are the prime factors of 1161775759?
1161775759
List the prime factors of 37869201.
3, 23, 20327
What are the prime factors of 1260725435?
5, 6871, 36697
List the prime factors of 196113643.
11, 191, 269, 347
List the prime factors of 39622637.
4297, 9221
List the prime factors of 56754922.
2, 7, 4053923
What are the prime factors of 70918871?
70918871
What are the prime factors of 52516770?
2, 3, 5, 97, 18047
What are the prime factors of 245041366?
2, 17, 19, 53, 421
List the prime factors of 580100070.
2, 3, 5, 11, 67, 26237
What are the prime factors of 426470654?
2, 8311, 25657
What are the prime factors of 2888341282?
2, 647, 1193, 1871
What are the prime factors of 241435796?
2, 7, 8622707
List the prime factors of 520339169.
7, 74334167
What are the prime factors of 234026050?
2, 5, 821, 5701
List the prime factors of 39753513.
3, 113, 39089
What are the prime factors of 40716539?
37, 1100447
List the prime factors of 175001724.
2, 3, 719, 6761
What are the prime factors of 18755300?
2, 5, 37, 137
List the prime factors of 253728279.
3, 7, 29, 113, 1229
List the prime factors of 4545212623.
7, 19, 79, 432589
What are the prime factors of 292618643?
292618643
What are the prime factors of 1528841563?
1528841563
List the prime factors of 256062066.
2, 3, 13, 3282847
What are the prime factors of 4999285760?
2, 5, 7, 19927
List the prime factors of 91130077.
2017, 45181
List the prime factors of 50504915.
5, 271, 37273
What are the prime factors of 106227151?
106227151
What are the prime factors of 56035403?
56035403
List the prime factors of 374824450.
2, 5, 7, 11, 13, 7489
What are the prime factors of 885210064?
2, 55325629
List the prime factors of 90350385.
3, 5, 6023359
What are the prime factors of 350578041?
3, 11, 61, 174157
List the prime factors of 1163153755.
5, 151, 797, 1933
List the prime factors of 64599357.
3, 1987, 10837
List the prime factors of 2588267.
11, 17, 13841
What are the prime factors of 809287775?
5, 23, 29, 48533
What are the prime factors of 38794704?
2, 3, 13, 62171
List the prime factors of 47757610.
2, 5, 347, 13763
List the prime factors of 42035838.
2, 3, 13, 538921
List the prime factors of 190857263.
43, 4438541
What are the prime factors of 637287422?
2, 318643711
What are the prime factors of 5317748682?
2, 3, 17, 43, 1212437
What are the prime factors of 1578948158?
2, 3187, 247717
List the prime factors of 23167842.
2, 3, 163, 23689
List the prime factors of 11573385.
3, 5, 31, 24889
List the prime factors of 40025282.
2, 11, 53, 34327
What are the prime factors of 1160989342?
2, 163, 3561317
What are the prime factors of 123161482?
2, 97, 634853
List the prime factors of 5192758845.
3, 5, 89, 353, 3673
What are the prime factors of 3233176456?
2, 404147057
What are the prime factors of 31301201?
47, 665983
What are the prime factors of 168462690?
2, 3, 5, 11, 17, 30029
List the prime factors of 4261683701.
11, 3